o base 16.
-92b4
What is -59a28a (base 11) in base 3?
-1210022002011
-10211012012020 (base 3) to base 4
-13233320133
Convert -23159 (base 16) to base 9.
-238112
What is 3211114 (base 5) in base 7?
313112
What is -15233302 (base 9) in base 12?
-265696b
12150 (base 11) to base 14
6527
Convert -36a1286 (base 11) to base 9.
-13078016
Convert -358b53 (base 13) to base 16.
-13791b
493187 (base 12) to base 3
2020022210011
Convert 2719a5 (base 12) to base 10.
645965
Convert -21d3c1 (base 16) to base 7.
-24562154
-15b6355 (base 13) to base 16
-6afb84
1ba19 (base 13) to base 14
15ba8
2011855 (base 10) to base 14
3a527d
What is 1554416 (base 10) in base 5?
344220131
Convert -4140040 (base 5) to base 11.
-47220
Convert 1893284 (base 13) to base 10.
8061239
What is 7574546 (base 10) in base 13?
17528a5
-101212115 (base 6) to base 12
-70103b
Convert 38326 (base 11) to base 6.
1102242
-649196 (base 14) to base 4
-30333131000
c2ba (base 14) to base 4
20023030
What is -145242122 (base 6) in base 15?
-404ca8
-8ad2 (base 15) to base 6
-344155
What is -35314434 (base 6) in base 9?
-2054164
Convert 3074220 (base 8) to base 4.
3013202100
What is 351 (base 8) in base 9?
278
177471 (base 10) to base 9
300400
Convert -21314032 (base 5) to base 14.
-4a680
What is -26230 (base 12) in base 9?
-78500
What is 211c49 (base 15) in base 8?
6005137
Convert 11001111010010010 (base 2) to base 14.
2a96a
-30a899 (base 14) to base 15
-226a7a
Convert -1a1759 (base 11) to base 5.
-34402303
What is 1000101101010000100 (base 2) in base 6?
10040524
-32200000 (base 4) to base 7
-335104
What is 11001010011110110 (base 2) in base 3?
12021012122
What is -21110122202100 (base 3) in base 11?
-2271157
-109b79 (base 12) to base 2
-1000000111101001101
Convert -15403043 (base 6) to base 11.
-342510
Convert -611818 (base 11) to base 12.
-3b5029
What is 21322 (base 14) in base 9?
132004
What is -828065 (base 10) in base 16?
-ca2a1
What is -4434352 (base 10) in base 5?
-2113344402
-5718511 (base 10) to base 14
-a8c011
Convert -1130220 (base 6) to base 11.
-3a975
What is -53924 (base 12) in base 15?
-229ad
Convert -82d17 (base 14) to base 4.
-1030333321
7326 (base 16) to base 13
10557
What is -11222112021102 (base 3) in base 7?
-31335623
731841 (base 9) to base 4
1222010020
Convert 65de (base 16) to base 4.
12113132
Convert 2302103 (base 4) to base 3.
120122122
What is 1207022 (base 10) in base 16?
126aee
Convert -1a21c (base 13) to base 6.
-1031342
Convert -5024b3 (base 14) to base 4.
-22102011331
-13223100 (base 7) to base 11
-760650
201201002002 (base 3) to base 8
1365454
1410181 (base 9) to base 8
2750320
Convert b012e (base 15) to base 11.
350655
-3673145 (base 8) to base 13
-29631c
-105653411 (base 7) to base 3
-110011120020012
What is -221212112121 (base 3) in base 13?
-14aa30
Convert 130012212123 (base 4) to base 9.
14767640
Convert 4074884 (base 9) to base 6.
114342551
Convert -2843138 (base 9) to base 8.
-5756255
Convert -adabdb (base 15) to base 10.
-8288306
What is -23024531 (base 6) in base 4?
-2223300013
511335 (base 7) to base 16
153a8
Convert 252401564 (base 7) to base 10.
15950477
What is 193b94 (base 12) in base 10?
442336
93398 (base 11) to base 10
136232
120222311 (base 4) to base 8
305265
-45553525 (base 6) to base 3
-2122002101022
-d79d94 (base 15) to base 11
-5878290
What is 331126 (base 8) in base 6?
2214434
2330312020 (base 4) to base 14
161c6c
Convert -204ab3 (base 12) to base 13.
-1494c9
Convert 10001010100011100100011 (base 2) to base 8.
21243443
What is 76340375 (base 8) in base 5?
13142232434
What is -30331666 (base 7) in base 10?
-2528938
What is -7b7b7 (base 12) in base 3?
-22101202111
-10011111100 (base 4) to base 6
-34535344
Convert -28959 (base 14) to base 5.
-11210002
Convert 5702141 (base 9) to base 13.
837433
169828 (base 13) to base 5
121020233
1002301101 (base 4) to base 10
273489
What is 1000121111002 (base 3) in base 8?
2045342
What is -100112222010002 (base 3) in base 9?
-10488102
Convert -120111220212 (base 3) to base 5.
-34233033
Convert 5043678 (base 10) to base 7.
60604413
Convert -33625247 (base 8) to base 15.
-98d995
What is -3b27 (base 16) in base 5?
-441033
Convert 43314230 (base 5) to base 6.
11532404
Convert -234527 (base 9) to base 14.
-39607
-1ba230 (base 15) to base 10
-1350495
What is -1030010133 (base 5) in base 9?
-4104537
What is -41404402 (base 5) in base 15?
-6b187
-10050154 (base 6) to base 9
-475877
-1001111001111100101011 (base 2) to base 3
-11212220221021
What is 28b7a17 (base 12) in base 5?
4100014100
-114120244 (base 5) to base 10
-535699
Convert 87910 (base 13) to base 7.
2041312
What is 236127 (base 10) in base 9?
388813
553251 (base 7) to base 6
2030003
Convert 11012120221 (base 3) to base 13.
2b8ca
What is 211101000220112 (base 3) in base 6?
1102454322
What is -111011010001010101111 (base 2) in base 8?
-7321257
Convert -1350c5 (base 13) to base 12.
-1a6aa2
111000101101001010001100 (base 2) to base 7
240231204
305037 (base 12) to base 7
6263455
What is 11000201123 (base 4) in base 14?
262639
Convert -1587933 (base 11) to base 5.
-1143020021
1ec4b8 (base 16) to base 6
111115212
Convert 48ea54 (base 16) to base 10.
4778580
14573253 (base 8) to base 2
1100101111011010101011
323311104 (base 5) to base 8
5221302
Convert -1111120 (base 5) to base 15.
-5bc5
What is 297242 (base 10) in base 2?
1001000100100011010
What is -20405322 (base 7) in base 8?
-6427740
What is -288d73 (base 14) in base 12?
-57a6a1
What is 12467814 (base 9) in base 7?
103036330
Convert -13a5a7 (base 11) to base 16.
-3577e
-490d5e (base 15) to base 13
-95542a
What is 47a50 (base 11) in base 16?
10e1a
Convert 103031321 (base 4) to base 12.
39675
What is -1161140 (base 7) in base 12?
-72482
What is 1395878 (base 11) in base 4?
21020201033
-14b2094 (base 12) to base 5
-2034303401
What is 40345225 (base 6) in base 11?
715642
1628743 (base 9) to base 4
3131001033
What is 1323010111 (base 4) in base 8?
1730425
2050564 (base 7) to base 2
111100011100101010
What is 13503 (base 15) in base 10?
61878
What is -404002 (base 9) in base 13?
-84ab5
What is 1101110111100111 (base 2) in base 8?
156747
-113404362 (base 7) to base 8
-32573442
-19a298 (base 11) to base 9
-516362
-11106273 (base 9) to base 15
-713776
What is -b318 (base 16) in base 7?
-250445
What is -100100001100101101 (base 2) in base 9?
-245343
What is -148a71 (base 12) in base 4?
-1110233311
108942 (base 12) to base 11
170392
What is -2631353 (base 7) in base 8?
-1237477
Convert 1001102102112 (base 3) to base 8.
2104536
-33302021 (base 4) to base 6
-1215145
47908 (base 12) to base 3
11220011022
What is 2b5883 (base 13) in base 8?
4050221
Convert -13407545 (base 8) to base 10.
-3018597
What is 12141 (base 15) in base 11?
3a35a
Convert -b0954 (base 14) to base 5.
-102040124
-50241 (base 6) to base 11
-4a3a
-131234331 (base 5) to base 2
-10011110100001111101
What is 199603 (base 11) in base 3?
120112002212
Convert -240544422 (base 6) to base 5.
-2124232222
74585 (base 10) to base 12
371b5
68558 (base 12) to base 3
21001201012
What is 2474 (base 12) in base 13?
1b4c
-48826 (base 9) to base 8
-77754
112406440 (base 7) to base 14
cb6120
What is 286b487 (base 13) in base 12?
436318a
What is -102113131 (base 4) in base 3?
-10211012021
Convert -2054452 (base 6) to base 11.
-69836
-414441 (base 8) to base 10
-137505
Convert 281a9 (base 11) to base 13.
15390
What is -24411133 (base 6) in base 16?
-be3a1
What is -50634 (base 11) in base 15?
-16db3
704874 (base 9) to base 7
3354445
-220020011 (base 4) to base 6
-3304525
What is -101131230123 (base 4) in base 10?
-4578075
What is 141047 (base 13) in base 15?
997e8
Convert -37980a (base 11) to base 9.
-1112107
Convert -134513 (base 9) to base 10.
-82065
Convert 24376a (base 13) to base 4.
3103012310
Convert -1101100010101011 (base 2) to base 15.
-1167c
What is -12021002 (base 5) in base 11?
-76234
-102021220222 (base 3) to base 7
-1614035
Convert 4331642 (base 7) to base 13.
156968
-761 (base 12) to base 8
-2071
What is -101012121200 (base 3) in base 16?
-310dd
2541110 (base 6) to base 11
94452
Convert 5165b (base 12) to base 2.
11001111101100111
Convert 11111011100201 (base 3) to base 7.
26161555
Convert 43443352 (base 6) to base 15.
1a9378
Convert 2ba336 (base 13) to base 12